{"id":52,"date":"2022-08-11T10:55:46","date_gmt":"2022-08-11T10:55:46","guid":{"rendered":"http:\/\/303media.hr\/?page_id=52"},"modified":"2022-08-11T11:35:36","modified_gmt":"2022-08-11T11:35:36","slug":"home","status":"publish","type":"page","link":"https:\/\/303media.hr\/","title":{"rendered":"303 Media"},"content":{"rendered":"\n<p>Svjestan si da ne razlikuje\u0161 ba\u0161 najbolje ije i je, \u010d i \u0107, a i oko redoslijeda rije\u010di u re\u010denici ima\u0161 neke dvojbe? Na pravom si mjestu, lektorirat \u0107u sve tvoje pisane materijale i dovesti ih do savr\u0161enstva spremnog za objavu.<\/p>\n\n\n\n<p>\u017deli\u0161 popraviti SEO svoje stranice i jasno ti je da na stranici mora\u0161 imati vi\u0161e sadr\u017eaja, poput novosti, blogova i sli\u010dnih tekstualnih sadr\u017eaja, a nema\u0161 ni vremena ni znanja sam ih napisati? Javi se i pisat \u0107u ti sve tekstove\/blogove koje treba\u0161 i na taj na\u010din pobolj\u0161ati poziciju tvoje stranice na Googleu, te doprinijeti do ve\u0107eg broja potencijalnih klijenata.<\/p>\n\n\n\n<p>Volio bi neki svoj proizvod ili uslugu plasirati u medije, ali ne zna\u0161 kako napisati dobar marketin\u0161ki \u010dlanak (sponzorirani ili native)? Javite se i prema tvojim smjernicama \u0107u napisati tekst koji \u0107e privu\u0107i pa\u017enju tvoje ciljane publike i omogu\u0107iti ti pristup novim kupcima ili klijentima.<\/p>\n\n\n\n<p>Treba\u0161 savjet o fitnessu, treningu, zdravoj prehrani, kako posti\u0107i optimalnu tjelesnu te\u017einu ili izgraditi lijepo i oblikovano tijelo? Imam preko 20 godina iskustva u fitnessu, preko 100 klijenata od kojih s nekima sura\u0111ujem kontinuirano dugi niz godina \u2013 vjerujem da mogu pomo\u0107i i tebi da postigne\u0161 formu kakvu si oduvijek \u017eelio!<\/p>\n\n\n\n<p>Vjerujem da svojim obrazovanjem, vi\u0161egodi\u0161njim iskustvom, stalnim dodatnim edukacijama i ljubavlju prema poslu, mogu ponuditi kvalitetnu suradnju na obostrano zadovoljstvo.<\/p>\n\n\n\n<blockquote class=\"wp-block-quote is-layout-flow wp-block-quote-is-layout-flow\"><p><\/p><\/blockquote>\n\n\n\n<div class=\"wp-block-cover alignfull is-light hestia-clear-top-padding\" style=\"min-height:439px;aspect-ratio:unset;\"><span aria-hidden=\"true\" class=\"wp-block-cover__background has-white-background-color has-background-dim-100 has-background-dim\"><\/span><div class=\"wp-block-cover__inner-container is-layout-flow wp-block-cover-is-layout-flow\">\n<div class=\"wp-block-columns container is-layout-flex wp-container-core-columns-is-layout-28f84493 wp-block-columns-is-layout-flex\">\n<div class=\"wp-block-column is-layout-flow wp-block-column-is-layout-flow\"><div class=\"wp-block-image\">\n<figure class=\"aligncenter size-large\"><img decoding=\"async\" src=\"http:\/\/303media.hr\/wp-content\/themes\/hestia\/assets\/img\/feat1.png\" alt=\"\" class=\"wp-image-70\"\/><\/figure>\n<\/div>\n\n\n<h5 class=\"has-text-align-center has-text-color wp-block-heading\" style=\"color:#3c4858;font-size:18px\">Brzina<\/h5>\n\n\n\n<p class=\"has-text-align-center has-text-color\" style=\"color:#999999;font-size:14px\"><\/p>\n\n\n\n<div style=\"height:25px\" aria-hidden=\"true\" class=\"wp-block-spacer\"><\/div>\n<\/div>\n\n\n\n<div class=\"wp-block-column is-layout-flow wp-block-column-is-layout-flow\"><div class=\"wp-block-image\">\n<figure class=\"aligncenter size-large\"><img decoding=\"async\" src=\"http:\/\/303media.hr\/wp-content\/themes\/hestia\/assets\/img\/feat2.png\" alt=\"\" class=\"wp-image-71\"\/><\/figure>\n<\/div>\n\n\n<h5 class=\"has-text-align-center has-text-color wp-block-heading\" style=\"color:#3c4858;font-size:18px\">Kvaliteta<\/h5>\n\n\n\n<p class=\"has-text-align-center has-text-color\" style=\"color:#999999;font-size:14px\"><\/p>\n\n\n\n<div style=\"height:25px\" aria-hidden=\"true\" class=\"wp-block-spacer\"><\/div>\n<\/div>\n\n\n\n<div class=\"wp-block-column is-layout-flow wp-block-column-is-layout-flow\"><div class=\"wp-block-image\">\n<figure class=\"aligncenter size-large\"><img decoding=\"async\" src=\"http:\/\/303media.hr\/wp-content\/themes\/hestia\/assets\/img\/feat3.png\" alt=\"\" class=\"wp-image-72\"\/><\/figure>\n<\/div>\n\n\n<h5 class=\"has-text-align-center has-text-color wp-block-heading\" style=\"color:#3c4858;font-size:18px\">Stru\u010dnost<\/h5>\n\n\n\n<p class=\"has-text-align-center has-text-color\" style=\"color:#999999;font-size:14px\"><\/p>\n\n\n\n<div style=\"height:25px\" aria-hidden=\"true\" class=\"wp-block-spacer\"><\/div>\n<\/div>\n<\/div>\n<\/div><\/div>\n\n\n\n<div class=\"wp-block-columns container is-layout-flex wp-container-core-columns-is-layout-28f84493 wp-block-columns-is-layout-flex\">\n<div class=\"wp-block-column col-md-5 is-layout-flow wp-block-column-is-layout-flow\">\n<h2 class=\"wp-block-heading\">O meni <\/h2>\n\n\n\n<p><\/p>\n\n\n\n<p>Moje ime je Zorana Jagodi\u0107 i po struci sam prof. hrvatskoga jezika i knji\u017eevnosti i instruktorica fitnesa u teretani.<\/p>\n\n\n\n<p>U svojem dosada\u0161njem radnom iskustvu radila sam na pozicijama novinara, lektora, urednika te web urednika, prevoditelja, voditelja odjela PR, CM-a (community managera), fotografa, video urednika, ali i savjetnika za podru\u010dje fitnessa, treninga te prehrane.<\/p>\n\n\n\n<p>Svojim tekstovima pokrivam teme iz podru\u010dja sporta, fitnessa, zdravlja, zdrave prehrane, motivacije, psihologije sporta te treninga. Pi\u0161em sponzorirane \u010dlanke, native \u010dlanke te sve druge vrste marketin\u0161kih materijala.<\/p>\n\n\n\n<p>Radim lekturu \u010dlanaka iz \u0161irokom dijapazona tema, od novinskih i web \u010dlanaka, popularno-znanstvenih radova, stru\u010dnih \u010dlanaka, knjiga, beletristike, do lekture svih drugih oblika pisanoga teksta.<\/p>\n\n\n\n<p>Uz navedene pozicije, imam iskustva i u obradi fotografije, video materijala te izradi grafi\u010dkih sadr\u017eaja te pripremi drugih marketin\u0161kih sadr\u017eaja (newsletteri i sl.).&nbsp;<\/p>\n<\/div>\n\n\n\n<div class=\"wp-block-column col-md-6 col-md-offset1 is-layout-flow wp-block-column-is-layout-flow\">\n<figure class=\"wp-block-image size-full\"><img loading=\"lazy\" decoding=\"async\" width=\"960\" height=\"960\" src=\"http:\/\/303media.hr\/wp-content\/uploads\/2022\/08\/zorana.jpg\" alt=\"\" class=\"wp-image-81\" srcset=\"https:\/\/303media.hr\/wp-content\/uploads\/2022\/08\/zorana.jpg 960w, https:\/\/303media.hr\/wp-content\/uploads\/2022\/08\/zorana-300x300.jpg 300w, https:\/\/303media.hr\/wp-content\/uploads\/2022\/08\/zorana-150x150.jpg 150w, https:\/\/303media.hr\/wp-content\/uploads\/2022\/08\/zorana-768x768.jpg 768w\" sizes=\"auto, (max-width: 960px) 100vw, 960px\" \/><\/figure>\n<\/div>\n<\/div>\n","protected":false},"excerpt":{"rendered":"<p>Svjestan si da ne razlikuje\u0161 ba\u0161 najbolje ije i je, \u010d i \u0107, a i oko redoslijeda rije\u010di u re\u010denici ima\u0161 neke dvojbe? Na pravom si mjestu, lektorirat \u0107u sve tvoje pisane materijale i dovesti ih do savr\u0161enstva spremnog za objavu. \u017deli\u0161 popraviti SEO svoje stranice i jasno ti je [&hellip;]<\/p>\n","protected":false},"author":1,"featured_media":0,"parent":0,"menu_order":0,"comment_status":"closed","ping_status":"closed","template":"page-templates\/template-fullwidth.php","meta":{"footnotes":""},"class_list":["post-52","page","type-page","status-publish","hentry"],"_links":{"self":[{"href":"https:\/\/303media.hr\/index.php\/wp-json\/wp\/v2\/pages\/52","targetHints":{"allow":["GET"]}}],"collection":[{"href":"https:\/\/303media.hr\/index.php\/wp-json\/wp\/v2\/pages"}],"about":[{"href":"https:\/\/303media.hr\/index.php\/wp-json\/wp\/v2\/types\/page"}],"author":[{"embeddable":true,"href":"https:\/\/303media.hr\/index.php\/wp-json\/wp\/v2\/users\/1"}],"replies":[{"embeddable":true,"href":"https:\/\/303media.hr\/index.php\/wp-json\/wp\/v2\/comments?post=52"}],"version-history":[{"count":7,"href":"https:\/\/303media.hr\/index.php\/wp-json\/wp\/v2\/pages\/52\/revisions"}],"predecessor-version":[{"id":102,"href":"https:\/\/303media.hr\/index.php\/wp-json\/wp\/v2\/pages\/52\/revisions\/102"}],"wp:attachment":[{"href":"https:\/\/303media.hr\/index.php\/wp-json\/wp\/v2\/media?parent=52"}],"curies":[{"name":"wp","href":"https:\/\/api.w.org\/{rel}","templated":true}]}}